{"id":6152,"date":"2019-10-17T09:29:57","date_gmt":"2019-10-17T07:29:57","guid":{"rendered":"https:\/\/essentiel.siiimple.dev\/?page_id=6152"},"modified":"2023-08-29T12:36:02","modified_gmt":"2023-08-29T10:36:02","slug":"mentions-legales","status":"publish","type":"page","link":"https:\/\/www.esystems.fr\/www\/mentions-legales\/","title":{"rendered":"Mentions l\u00e9gales"},"content":{"rendered":"[vc_row type=\u00a0\u00bbin_container\u00a0\u00bb full_screen_row_position=\u00a0\u00bbmiddle\u00a0\u00bb column_margin=\u00a0\u00bbdefault\u00a0\u00bb column_direction=\u00a0\u00bbdefault\u00a0\u00bb column_direction_tablet=\u00a0\u00bbdefault\u00a0\u00bb column_direction_phone=\u00a0\u00bbdefault\u00a0\u00bb scene_position=\u00a0\u00bbcenter\u00a0\u00bb top_padding=\u00a0\u00bb2.5%\u00a0\u00bb bottom_padding=\u00a0\u00bb2.5%\u00a0\u00bb text_color=\u00a0\u00bbdark\u00a0\u00bb text_align=\u00a0\u00bbleft\u00a0\u00bb row_border_radius=\u00a0\u00bbnone\u00a0\u00bb row_border_radius_applies=\u00a0\u00bbbg\u00a0\u00bb overflow=\u00a0\u00bbvisible\u00a0\u00bb overlay_strength=\u00a0\u00bb0.3&Prime; gradient_direction=\u00a0\u00bbleft_to_right\u00a0\u00bb shape_divider_position=\u00a0\u00bbbottom\u00a0\u00bb bg_image_animation=\u00a0\u00bbnone\u00a0\u00bb shape_type=\u00a0\u00bb\u00a0\u00bb][vc_column column_padding=\u00a0\u00bbno-extra-padding\u00a0\u00bb column_padding_tablet=\u00a0\u00bbinherit\u00a0\u00bb column_padding_phone=\u00a0\u00bbinherit\u00a0\u00bb column_padding_position=\u00a0\u00bball\u00a0\u00bb column_element_direction_desktop=\u00a0\u00bbdefault\u00a0\u00bb column_element_spacing=\u00a0\u00bbdefault\u00a0\u00bb desktop_text_alignment=\u00a0\u00bbdefault\u00a0\u00bb tablet_text_alignment=\u00a0\u00bbdefault\u00a0\u00bb phone_text_alignment=\u00a0\u00bbdefault\u00a0\u00bb background_color_opacity=\u00a0\u00bb1&Prime; background_hover_color_opacity=\u00a0\u00bb1&Prime; column_backdrop_filter=\u00a0\u00bbnone\u00a0\u00bb column_shadow=\u00a0\u00bbnone\u00a0\u00bb column_border_radius=\u00a0\u00bbnone\u00a0\u00bb column_link_target=\u00a0\u00bb_self\u00a0\u00bb column_position=\u00a0\u00bbdefault\u00a0\u00bb gradient_direction=\u00a0\u00bbleft_to_right\u00a0\u00bb overlay_strength=\u00a0\u00bb0.3&Prime; width=\u00a0\u00bb1\/6&Prime; tablet_width_inherit=\u00a0\u00bbdefault\u00a0\u00bb animation_type=\u00a0\u00bbdefault\u00a0\u00bb bg_image_animation=\u00a0\u00bbnone\u00a0\u00bb border_type=\u00a0\u00bbsimple\u00a0\u00bb column_border_width=\u00a0\u00bbnone\u00a0\u00bb column_border_style=\u00a0\u00bbsolid\u00a0\u00bb offset=\u00a0\u00bbvc_hidden-sm vc_hidden-xs\u00a0\u00bb][\/vc_column][vc_column column_padding=\u00a0\u00bbno-extra-padding\u00a0\u00bb column_padding_tablet=\u00a0\u00bbinherit\u00a0\u00bb column_padding_phone=\u00a0\u00bbinherit\u00a0\u00bb column_padding_position=\u00a0\u00bball\u00a0\u00bb column_element_direction_desktop=\u00a0\u00bbdefault\u00a0\u00bb column_element_spacing=\u00a0\u00bbdefault\u00a0\u00bb desktop_text_alignment=\u00a0\u00bbdefault\u00a0\u00bb tablet_text_alignment=\u00a0\u00bbdefault\u00a0\u00bb phone_text_alignment=\u00a0\u00bbdefault\u00a0\u00bb background_color_opacity=\u00a0\u00bb1&Prime; background_hover_color_opacity=\u00a0\u00bb1&Prime; column_backdrop_filter=\u00a0\u00bbnone\u00a0\u00bb column_shadow=\u00a0\u00bbnone\u00a0\u00bb column_border_radius=\u00a0\u00bbnone\u00a0\u00bb column_link_target=\u00a0\u00bb_self\u00a0\u00bb column_position=\u00a0\u00bbdefault\u00a0\u00bb gradient_direction=\u00a0\u00bbleft_to_right\u00a0\u00bb overlay_strength=\u00a0\u00bb0.3&Prime; width=\u00a0\u00bb2\/3&Prime; tablet_width_inherit=\u00a0\u00bbdefault\u00a0\u00bb animation_type=\u00a0\u00bbdefault\u00a0\u00bb bg_image_animation=\u00a0\u00bbnone\u00a0\u00bb border_type=\u00a0\u00bbsimple\u00a0\u00bb column_border_width=\u00a0\u00bbnone\u00a0\u00bb column_border_style=\u00a0\u00bbsolid\u00a0\u00bb][vc_column_text]\n<h1>Mentions l\u00e9gales<\/h1>\n<h3>D\u00e9nomination sociale<\/h3>\n<p><strong>YAPILA FINANCES<\/strong><br \/>\nLa Perri\u00e8re<br \/>\n35590 Saint-Gilles, France<\/p>\n<h4>Responsable de la publication<\/h4>\n<p>Laurent Aubouin<\/p>\n<h4>Responsable du site<\/h4>\n<p>Laurent Aubouin<\/p>\n<h4>Cr\u00e9ation du site<\/h4>\n<p>Le site a \u00e9t\u00e9 mis en place par\u00a0Siiimple,\u00a0<a href=\"https:\/\/www.siiimple.fr\/\" target=\"_blank\" rel=\"noopener noreferrer\">agence de marketing<\/a>\u00a0et \u00e9diteur du\u00a0<a href=\"https:\/\/www.portailbienetre.fr\/\">m\u00e9dia sant\u00e9 et bien-\u00eatre<\/a>\u00a0PBE.<\/p>\n<h4>H\u00e9bergement<\/h4>\n<p>Le site e-systems.fr est h\u00e9berg\u00e9 chez 1&amp;1 IONOS.<\/p>\n<p>1&amp;1 Internet SARL<br \/>\n7 place de la Gare, BP 70109<br \/>\n57200 Sarreguemines Cedex<br \/>\nT\u00e9l. : 09 70 808 911<\/p>\n<h2>Qui sommes-nous\u00a0?<\/h2>\n<p>L&rsquo;adresse de notre site est : https:\/\/www.siiimple.fr.<\/p>\n<h2>Commentaires<\/h2>\n<p>Quand vous laissez un commentaire sur notre site, les donn\u00e9es inscrites dans le formulaire de commentaire, mais aussi votre adresse IP et l\u2019agent utilisateur de votre navigateur sont collect\u00e9s pour nous aider \u00e0 la d\u00e9tection des commentaires ind\u00e9sirables.<\/p>\n<p>Une cha\u00eene anonymis\u00e9e cr\u00e9\u00e9e \u00e0 partir de votre adresse e-mail (\u00e9galement appel\u00e9e hash) peut \u00eatre envoy\u00e9e au service Gravatar pour v\u00e9rifier si vous utilisez ce dernier. Les clauses de confidentialit\u00e9 du service Gravatar sont disponibles ici\u00a0: https:\/\/automattic.com\/privacy\/. Apr\u00e8s validation de votre commentaire, votre photo de profil sera visible publiquement \u00e0 cot\u00e9 de votre commentaire.<\/p>\n<h2>Cookies<\/h2>\n<p>Si vous d\u00e9posez un commentaire sur notre site, il vous sera propos\u00e9 d\u2019enregistrer votre nom, adresse e-mail et site dans des cookies. C\u2019est uniquement pour votre confort afin de ne pas avoir \u00e0 saisir ces informations si vous d\u00e9posez un autre commentaire plus tard. Ces cookies expirent au bout d\u2019un an.<\/p>\n<p>Si vous vous rendez sur la page de connexion, un cookie temporaire sera cr\u00e9\u00e9 afin de d\u00e9terminer si votre navigateur accepte les cookies. Il ne contient pas de donn\u00e9es personnelles et sera supprim\u00e9 automatiquement \u00e0 la fermeture de votre navigateur.<\/p>\n<p>Lorsque vous vous connecterez, nous mettrons en place un certain nombre de cookies pour enregistrer vos informations de connexion et vos pr\u00e9f\u00e9rences d\u2019\u00e9cran. La dur\u00e9e de vie d\u2019un cookie de connexion est de deux jours, celle d\u2019un cookie d\u2019option d\u2019\u00e9cran est d\u2019un an. Si vous cochez \u00ab\u00a0Se souvenir de moi\u00a0\u00bb, votre cookie de connexion sera conserv\u00e9 pendant deux semaines. Si vous vous d\u00e9connectez de votre compte, le cookie de connexion sera effac\u00e9.<\/p>\n<p>En modifiant ou en publiant une publication, un cookie suppl\u00e9mentaire sera enregistr\u00e9 dans votre navigateur. Ce cookie ne comprend aucune donn\u00e9e personnelle. Il indique simplement l\u2019ID de la publication que vous venez de modifier. Il expire au bout d\u2019un jour.<\/p>\n<h3>D\u00e9p\u00f4t de cookies par Sirdata<\/h3><p>Sirdata est une entreprise de data marketing qui permet \u00e0 ses Clients d&rsquo;adresser aux Utilisateurs des offres pertinentes adapt\u00e9es \u00e0 leurs centres d&rsquo;int\u00e9r\u00eat. Les Donn\u00e9es collect\u00e9es par Sirdata sont conserv\u00e9es pour une dur\u00e9e maximale de 365 jours, selon la finalit\u00e9 du traitement, conform\u00e9ment aux lois en vigueur et principe de minimisation. En savoir plus : <a href=\"https:\/\/www.sirdata.com\/vie-privee\/\" target=\"_blank\">https:\/\/www.sirdata.com\/vie-privee\/<\/a>. Vous souhaitez d\u00e9sactiver la collecte de vos donn\u00e9es par Sirdata : <a href=\"https:\/\/www.sirdata.com\/opposition\/\" target=\"_blank\">https:\/\/www.sirdata.com\/opposition\/<\/a>.<\/p>\n<h2>Contenu embarqu\u00e9 depuis d\u2019autres sites<\/h2>\n<p>Les articles de ce site peuvent inclure des contenus int\u00e9gr\u00e9s (par exemple des vid\u00e9os, images, articles\u2026). Le contenu int\u00e9gr\u00e9 depuis d\u2019autres sites se comporte de la m\u00eame mani\u00e8re que si le visiteur se rendait sur cet autre site.<\/p>\n<p>Ces sites web pourraient collecter des donn\u00e9es sur vous, utiliser des cookies, embarquer des outils de suivis tiers, suivre vos interactions avec ces contenus embarqu\u00e9s si vous disposez d\u2019un compte connect\u00e9 sur leur site web.<\/p>\n<h2>Utilisation et transmission de vos donn\u00e9es personnelles<\/h2>\n<p>Si vous demandez une r\u00e9initialisation de votre mot de passe, votre adresse IP sera incluse dans l\u2019e-mail de r\u00e9initialisation.<\/p>\n<h2>Dur\u00e9es de stockage de vos donn\u00e9es<\/h2>\n<p>Si vous laissez un commentaire, le commentaire et ses m\u00e9tadonn\u00e9es sont conserv\u00e9s ind\u00e9finiment. Cela permet de reconna\u00eetre et approuver automatiquement les commentaires suivants au lieu de les laisser dans la file de mod\u00e9ration.<\/p>\n<p>Pour les comptes qui s\u2019inscrivent sur notre site (le cas \u00e9ch\u00e9ant), nous stockons \u00e9galement les donn\u00e9es personnelles indiqu\u00e9es dans leur profil. Tous les comptes peuvent voir, modifier ou supprimer leurs informations personnelles \u00e0 tout moment (\u00e0 l\u2019exception de leur identifiant). Les gestionnaires du site peuvent aussi voir et modifier ces informations.<\/p>\n<h2>Les droits que vous avez sur vos donn\u00e9es<\/h2>\n<p>Si vous avez un compte ou si vous avez laiss\u00e9 des commentaires sur le site, vous pouvez demander \u00e0 recevoir un fichier contenant toutes les donn\u00e9es personnelles que nous poss\u00e9dons \u00e0 votre sujet, incluant celles que vous nous avez fournies. Vous pouvez \u00e9galement demander la suppression des donn\u00e9es personnelles vous concernant. Cela ne prend pas en compte les donn\u00e9es stock\u00e9es \u00e0 des fins administratives, l\u00e9gales ou pour des raisons de s\u00e9curit\u00e9.<\/p>\n<h2>Transmission de vos donn\u00e9es personnelles<\/h2>\n<p>Les commentaires des visiteurs peuvent \u00eatre v\u00e9rifi\u00e9s \u00e0 l\u2019aide d\u2019un service automatis\u00e9 de d\u00e9tection des commentaires ind\u00e9sirables.<\/p>\n<h2>Transparency & Consent Framework<\/h2><p>e-Systems participe et est conforme \u00e0 l&rsquo;ensemble des Sp\u00e9cifications et Politiques du Transparency & Consent Framework de l&rsquo;IAB Europe. e-Systems utilise la Consent Management Platform n\u00b092. Vous pouvez modifier vos choix \u00e0 tout moment en <a href=\"javascript:Sddan.cmp.displayUI()\">cliquant ici<\/a>.<\/p>[\/vc_column_text][\/vc_column][vc_column column_padding=\u00a0\u00bbno-extra-padding\u00a0\u00bb column_padding_tablet=\u00a0\u00bbinherit\u00a0\u00bb column_padding_phone=\u00a0\u00bbinherit\u00a0\u00bb column_padding_position=\u00a0\u00bball\u00a0\u00bb column_element_direction_desktop=\u00a0\u00bbdefault\u00a0\u00bb column_element_spacing=\u00a0\u00bbdefault\u00a0\u00bb desktop_text_alignment=\u00a0\u00bbdefault\u00a0\u00bb tablet_text_alignment=\u00a0\u00bbdefault\u00a0\u00bb phone_text_alignment=\u00a0\u00bbdefault\u00a0\u00bb background_color_opacity=\u00a0\u00bb1&Prime; background_hover_color_opacity=\u00a0\u00bb1&Prime; column_backdrop_filter=\u00a0\u00bbnone\u00a0\u00bb column_shadow=\u00a0\u00bbnone\u00a0\u00bb column_border_radius=\u00a0\u00bbnone\u00a0\u00bb column_link_target=\u00a0\u00bb_self\u00a0\u00bb column_position=\u00a0\u00bbdefault\u00a0\u00bb gradient_direction=\u00a0\u00bbleft_to_right\u00a0\u00bb overlay_strength=\u00a0\u00bb0.3&Prime; width=\u00a0\u00bb1\/6&Prime; tablet_width_inherit=\u00a0\u00bbdefault\u00a0\u00bb animation_type=\u00a0\u00bbdefault\u00a0\u00bb bg_image_animation=\u00a0\u00bbnone\u00a0\u00bb border_type=\u00a0\u00bbsimple\u00a0\u00bb column_border_width=\u00a0\u00bbnone\u00a0\u00bb column_border_style=\u00a0\u00bbsolid\u00a0\u00bb offset=\u00a0\u00bbvc_hidden-sm vc_hidden-xs\u00a0\u00bb][\/vc_column][\/vc_row]\n","protected":false},"excerpt":{"rendered":"<p>[vc_row type=\u00a0\u00bbin_container\u00a0\u00bb full_screen_row_position=\u00a0\u00bbmiddle\u00a0\u00bb column_margin=\u00a0\u00bbdefault\u00a0\u00bb column_direction=\u00a0\u00bbdefault\u00a0\u00bb column_direction_tablet=\u00a0\u00bbdefault\u00a0\u00bb column_direction_phone=\u00a0\u00bbdefault\u00a0\u00bb scene_position=\u00a0\u00bbcenter\u00a0\u00bb top_padding=\u00a0\u00bb2.5%\u00a0\u00bb bottom_padding=\u00a0\u00bb2.5%\u00a0\u00bb text_color=\u00a0\u00bbdark\u00a0\u00bb text_align=\u00a0\u00bbleft\u00a0\u00bb row_border_radius=\u00a0\u00bbnone\u00a0\u00bb row_border_radius_applies=\u00a0\u00bbbg\u00a0\u00bb overflow=\u00a0\u00bbvisible\u00a0\u00bb overlay_strength=\u00a0\u00bb0.3&Prime; gradient_direction=\u00a0\u00bbleft_to_right\u00a0\u00bb shape_divider_position=\u00a0\u00bbbottom\u00a0\u00bb bg_image_animation=\u00a0\u00bbnone\u00a0\u00bb shape_type=\u00a0\u00bb\u00a0\u00bb][vc_column column_padding=\u00a0\u00bbno-extra-padding\u00a0\u00bb column_padding_tablet=\u00a0\u00bbinherit\u00a0\u00bb column_padding_phone=\u00a0\u00bbinherit\u00a0\u00bb column_padding_position=\u00a0\u00bball\u00a0\u00bb column_element_direction_desktop=\u00a0\u00bbdefault\u00a0\u00bb column_element_spacing=\u00a0\u00bbdefault\u00a0\u00bb desktop_text_alignment=\u00a0\u00bbdefault\u00a0\u00bb tablet_text_alignment=\u00a0\u00bbdefault\u00a0\u00bb phone_text_alignment=\u00a0\u00bbdefault\u00a0\u00bb background_color_opacity=\u00a0\u00bb1&Prime;&#8230;<\/p>\n","protected":false},"author":1,"featured_media":0,"parent":0,"menu_order":100,"comment_status":"closed","ping_status":"closed","template":"template-no-footer.php","meta":{"footnotes":""},"class_list":["post-6152","page","type-page","status-publish"],"yoast_head":"<!-- This site is optimized with the Yoast SEO plugin v27.4 - https:\/\/yoast.com\/product\/yoast-seo-wordpress\/ -->\n<title>Mentions l\u00e9gales et politique de confidentialit\u00e9 - e-Systems<\/title>\n<meta name=\"description\" content=\"Retrouvez ici les mentions l\u00e9gales et la politique de confidentialit\u00e9 de e-Systems, \u00e0 Saint-Gilles, en Ille-et-Vilaine.\" \/>\n<meta name=\"robots\" content=\"index, follow, max-snippet:-1, max-image-preview:large, max-video-preview:-1\" \/>\n<link rel=\"canonical\" href=\"https:\/\/www.esystems.fr\/www\/mentions-legales\/\" \/>\n<meta property=\"og:locale\" content=\"fr_FR\" \/>\n<meta property=\"og:type\" content=\"article\" \/>\n<meta property=\"og:title\" content=\"Mentions l\u00e9gales et politique de confidentialit\u00e9 - e-Systems\" \/>\n<meta property=\"og:description\" content=\"Retrouvez ici les mentions l\u00e9gales et la politique de confidentialit\u00e9 de e-Systems, \u00e0 Saint-Gilles, en Ille-et-Vilaine.\" \/>\n<meta property=\"og:url\" content=\"https:\/\/www.esystems.fr\/www\/mentions-legales\/\" \/>\n<meta property=\"og:site_name\" content=\"e-Systems\" \/>\n<meta property=\"article:publisher\" content=\"https:\/\/www.facebook.com\/profile.php?id=61556724775321\" \/>\n<meta property=\"article:modified_time\" content=\"2023-08-29T10:36:02+00:00\" \/>\n<meta name=\"twitter:card\" content=\"summary_large_image\" \/>\n<meta name=\"twitter:label1\" content=\"Dur\u00e9e de lecture estim\u00e9e\" \/>\n\t<meta name=\"twitter:data1\" content=\"4 minutes\" \/>\n<script type=\"application\/ld+json\" class=\"yoast-schema-graph\">{\"@context\":\"https:\\\/\\\/schema.org\",\"@graph\":[{\"@type\":\"WebPage\",\"@id\":\"https:\\\/\\\/www.esystems.fr\\\/www\\\/mentions-legales\\\/\",\"url\":\"https:\\\/\\\/www.esystems.fr\\\/www\\\/mentions-legales\\\/\",\"name\":\"Mentions l\u00e9gales et politique de confidentialit\u00e9 - e-Systems\",\"isPartOf\":{\"@id\":\"https:\\\/\\\/www.esystems.fr\\\/www\\\/#website\"},\"datePublished\":\"2019-10-17T07:29:57+00:00\",\"dateModified\":\"2023-08-29T10:36:02+00:00\",\"description\":\"Retrouvez ici les mentions l\u00e9gales et la politique de confidentialit\u00e9 de e-Systems, \u00e0 Saint-Gilles, en Ille-et-Vilaine.\",\"breadcrumb\":{\"@id\":\"https:\\\/\\\/www.esystems.fr\\\/www\\\/mentions-legales\\\/#breadcrumb\"},\"inLanguage\":\"fr-FR\",\"potentialAction\":[{\"@type\":\"ReadAction\",\"target\":[\"https:\\\/\\\/www.esystems.fr\\\/www\\\/mentions-legales\\\/\"]}]},{\"@type\":\"BreadcrumbList\",\"@id\":\"https:\\\/\\\/www.esystems.fr\\\/www\\\/mentions-legales\\\/#breadcrumb\",\"itemListElement\":[{\"@type\":\"ListItem\",\"position\":1,\"name\":\"Esyst\u00e8mes\",\"item\":\"https:\\\/\\\/www.esystems.fr\\\/www\\\/\"},{\"@type\":\"ListItem\",\"position\":2,\"name\":\"Mentions l\u00e9gales\"}]},{\"@type\":\"WebSite\",\"@id\":\"https:\\\/\\\/www.esystems.fr\\\/www\\\/#website\",\"url\":\"https:\\\/\\\/www.esystems.fr\\\/www\\\/\",\"name\":\"e-Systems\",\"description\":\"\",\"publisher\":{\"@id\":\"https:\\\/\\\/www.esystems.fr\\\/www\\\/#organization\"},\"potentialAction\":[{\"@type\":\"SearchAction\",\"target\":{\"@type\":\"EntryPoint\",\"urlTemplate\":\"https:\\\/\\\/www.esystems.fr\\\/www\\\/?s={search_term_string}\"},\"query-input\":{\"@type\":\"PropertyValueSpecification\",\"valueRequired\":true,\"valueName\":\"search_term_string\"}}],\"inLanguage\":\"fr-FR\"},{\"@type\":\"Organization\",\"@id\":\"https:\\\/\\\/www.esystems.fr\\\/www\\\/#organization\",\"name\":\"e-Systems\",\"url\":\"https:\\\/\\\/www.esystems.fr\\\/www\\\/\",\"logo\":{\"@type\":\"ImageObject\",\"inLanguage\":\"fr-FR\",\"@id\":\"https:\\\/\\\/www.esystems.fr\\\/www\\\/#\\\/schema\\\/logo\\\/image\\\/\",\"url\":\"https:\\\/\\\/www.esystems.fr\\\/www\\\/wp-content\\\/uploads\\\/2023\\\/04\\\/logo-esystems-final.svg\",\"contentUrl\":\"https:\\\/\\\/www.esystems.fr\\\/www\\\/wp-content\\\/uploads\\\/2023\\\/04\\\/logo-esystems-final.svg\",\"width\":1,\"height\":1,\"caption\":\"e-Systems\"},\"image\":{\"@id\":\"https:\\\/\\\/www.esystems.fr\\\/www\\\/#\\\/schema\\\/logo\\\/image\\\/\"},\"sameAs\":[\"https:\\\/\\\/www.facebook.com\\\/profile.php?id=61556724775321\",\"https:\\\/\\\/www.linkedin.com\\\/company\\\/e-systemsfr\\\/\",\"https:\\\/\\\/www.youtube.com\\\/@eSystems_Yapila\"]}]}<\/script>\n<!-- \/ Yoast SEO plugin. -->","yoast_head_json":{"title":"Mentions l\u00e9gales et politique de confidentialit\u00e9 - e-Systems","description":"Retrouvez ici les mentions l\u00e9gales et la politique de confidentialit\u00e9 de e-Systems, \u00e0 Saint-Gilles, en Ille-et-Vilaine.","robots":{"index":"index","follow":"follow","max-snippet":"max-snippet:-1","max-image-preview":"max-image-preview:large","max-video-preview":"max-video-preview:-1"},"canonical":"https:\/\/www.esystems.fr\/www\/mentions-legales\/","og_locale":"fr_FR","og_type":"article","og_title":"Mentions l\u00e9gales et politique de confidentialit\u00e9 - e-Systems","og_description":"Retrouvez ici les mentions l\u00e9gales et la politique de confidentialit\u00e9 de e-Systems, \u00e0 Saint-Gilles, en Ille-et-Vilaine.","og_url":"https:\/\/www.esystems.fr\/www\/mentions-legales\/","og_site_name":"e-Systems","article_publisher":"https:\/\/www.facebook.com\/profile.php?id=61556724775321","article_modified_time":"2023-08-29T10:36:02+00:00","twitter_card":"summary_large_image","twitter_misc":{"Dur\u00e9e de lecture estim\u00e9e":"4 minutes"},"schema":{"@context":"https:\/\/schema.org","@graph":[{"@type":"WebPage","@id":"https:\/\/www.esystems.fr\/www\/mentions-legales\/","url":"https:\/\/www.esystems.fr\/www\/mentions-legales\/","name":"Mentions l\u00e9gales et politique de confidentialit\u00e9 - e-Systems","isPartOf":{"@id":"https:\/\/www.esystems.fr\/www\/#website"},"datePublished":"2019-10-17T07:29:57+00:00","dateModified":"2023-08-29T10:36:02+00:00","description":"Retrouvez ici les mentions l\u00e9gales et la politique de confidentialit\u00e9 de e-Systems, \u00e0 Saint-Gilles, en Ille-et-Vilaine.","breadcrumb":{"@id":"https:\/\/www.esystems.fr\/www\/mentions-legales\/#breadcrumb"},"inLanguage":"fr-FR","potentialAction":[{"@type":"ReadAction","target":["https:\/\/www.esystems.fr\/www\/mentions-legales\/"]}]},{"@type":"BreadcrumbList","@id":"https:\/\/www.esystems.fr\/www\/mentions-legales\/#breadcrumb","itemListElement":[{"@type":"ListItem","position":1,"name":"Esyst\u00e8mes","item":"https:\/\/www.esystems.fr\/www\/"},{"@type":"ListItem","position":2,"name":"Mentions l\u00e9gales"}]},{"@type":"WebSite","@id":"https:\/\/www.esystems.fr\/www\/#website","url":"https:\/\/www.esystems.fr\/www\/","name":"e-Systems","description":"","publisher":{"@id":"https:\/\/www.esystems.fr\/www\/#organization"},"potentialAction":[{"@type":"SearchAction","target":{"@type":"EntryPoint","urlTemplate":"https:\/\/www.esystems.fr\/www\/?s={search_term_string}"},"query-input":{"@type":"PropertyValueSpecification","valueRequired":true,"valueName":"search_term_string"}}],"inLanguage":"fr-FR"},{"@type":"Organization","@id":"https:\/\/www.esystems.fr\/www\/#organization","name":"e-Systems","url":"https:\/\/www.esystems.fr\/www\/","logo":{"@type":"ImageObject","inLanguage":"fr-FR","@id":"https:\/\/www.esystems.fr\/www\/#\/schema\/logo\/image\/","url":"https:\/\/www.esystems.fr\/www\/wp-content\/uploads\/2023\/04\/logo-esystems-final.svg","contentUrl":"https:\/\/www.esystems.fr\/www\/wp-content\/uploads\/2023\/04\/logo-esystems-final.svg","width":1,"height":1,"caption":"e-Systems"},"image":{"@id":"https:\/\/www.esystems.fr\/www\/#\/schema\/logo\/image\/"},"sameAs":["https:\/\/www.facebook.com\/profile.php?id=61556724775321","https:\/\/www.linkedin.com\/company\/e-systemsfr\/","https:\/\/www.youtube.com\/@eSystems_Yapila"]}]}},"_links":{"self":[{"href":"https:\/\/www.esystems.fr\/www\/wp-json\/wp\/v2\/pages\/6152","targetHints":{"allow":["GET"]}}],"collection":[{"href":"https:\/\/www.esystems.fr\/www\/wp-json\/wp\/v2\/pages"}],"about":[{"href":"https:\/\/www.esystems.fr\/www\/wp-json\/wp\/v2\/types\/page"}],"author":[{"embeddable":true,"href":"https:\/\/www.esystems.fr\/www\/wp-json\/wp\/v2\/users\/1"}],"replies":[{"embeddable":true,"href":"https:\/\/www.esystems.fr\/www\/wp-json\/wp\/v2\/comments?post=6152"}],"version-history":[{"count":24,"href":"https:\/\/www.esystems.fr\/www\/wp-json\/wp\/v2\/pages\/6152\/revisions"}],"predecessor-version":[{"id":7188,"href":"https:\/\/www.esystems.fr\/www\/wp-json\/wp\/v2\/pages\/6152\/revisions\/7188"}],"wp:attachment":[{"href":"https:\/\/www.esystems.fr\/www\/wp-json\/wp\/v2\/media?parent=6152"}],"curies":[{"name":"wp","href":"https:\/\/api.w.org\/{rel}","templated":true}]}}